{"version":"1.0","type":"rich","provider_name":"hearthis.at","provider_url":"https:\/\/hearthis.at","height":"150","width":"100%","title":"Juan Manuel Garcia - Presidente del Centro Vecinal de Alto Padilla - Pedido de reunion con el gobierno","description":"El actual presidente de hecho, del barrio Alto Padilla, Juan Manuel \u00c1lvarez Garc\u00eda, habl\u00f3 en Radio Universidad, sobre la situaci\u00f3n que atraviesa el barrio en el marco de las actividades que se desarrollaron como el desfile del 23 de Agosto y las que se planean desarrollar, que ser\u00eda el desfile de carrozas de la Fiesta de los Estudiantes, todos realiza en la actual Ciudad Cultural.","thumbnail_url":"https:\/\/img.hearthis.at\/a\/i\/c\/_\/uploads\/3857770\/image_track\/1013496\/w1200_h628_q70_ptrue_v2_----cropped_2cb2f78384cbec0006214356d01a451bjuan-manuel-garcia.jpeg","thumbnail_width":1200,"thumbnail_height":628,"html":"<iframe scrolling=\"no\" id=\"hearthis_at_track_1013496_light\" style=\"border-radius: 10px;\" width=\"100%\" height=\"150\" src=\"https:\/\/hearthis.at\/embed\/1013496\/transparent\/?style=2&block_size=2&block_space=2&background=1\" frameborder=\"0\" allowtransparency><\/iframe>","author_name":"UNJu Radio 02","author_url":"https:\/\/hearthis.at\/unjuradio2\/"}

El actual presidente de hecho, del barrio Alto Padilla, Juan Manuel Álvarez García, habló en Radio Universidad, sobre la situación que atraviesa el barrio en el marco de las actividades que se desarrollaron como el desfile del 23 de Agosto y las que se planean desarrollar, que sería el desfile de carrozas de la Fiesta de los Estudiantes, todos realiza en la actual Ciudad Cultural.
