{"version":"1.0","type":"rich","provider_name":"hearthis.at","provider_url":"https:\/\/hearthis.at","height":"150","width":"100%","title":"Victor Maman\u00ed - Padre de Nahir - Causa femicidio paralizada","description":"Caso Nahir Maman\u00ed, la causa est\u00e1 paralizada\n\nVictor Maman\u00ed, padre de Nahir; habl\u00f3 en Radio Universidad sobre el pedido de elevaci\u00f3n a juicio y prisi\u00f3n preventiva para Iv\u00e1n Leonardo Ag\u00fcero ya que hasta el momento se encuentra detenido en la brigada y la causa actualmente se encuentra paralizada. A su vez Maman\u00ed indic\u00f3 que las marchas por los pedidos de justicia continuar\u00e1n, al igual que los reclamos para tener acompa\u00f1amiento en lo psicol\u00f3gico por parte del Estado.","thumbnail_url":"https:\/\/img.hearthis.at\/4\/3\/0\/_\/uploads\/8775295\/image_track\/1323925\/w1200_h628_q70_ptrue_v2_----cropped_1494864034.jpg","thumbnail_width":1200,"thumbnail_height":628,"html":"<iframe scrolling=\"no\" id=\"hearthis_at_track_1323925_light\" style=\"border-radius: 10px;\" width=\"100%\" height=\"150\" src=\"https:\/\/hearthis.at\/embed\/1323925\/transparent\/?style=2&block_size=2&block_space=2&background=1\" frameborder=\"0\" allowtransparency><\/iframe>","author_name":"unjuradio04","author_url":"https:\/\/hearthis.at\/unjuradio04-cu\/"}

Victor Mamaní - Padre de Nahir - Causa femicidio paralizada

Caso Nahir Mamaní, la causa está paralizada

Victor Mamaní, padre de Nahir; habló en Radio Universidad sobre el pedido de elevación a juicio y prisión preventiva para Iván Leonardo Agüero ya que hasta el momento se encuentra detenido en la brigada y la causa actualmente se encuentra paralizada. A su vez Mamaní indicó que las marchas por los pedidos de justicia continuarán, al igual que los reclamos para tener acompañamiento en lo psicológico por parte del Estado.
