{"version":"1.0","type":"rich","provider_name":"hearthis.at","provider_url":"https:\/\/hearthis.at","height":"150","width":"100%","title":"Sergio Sajama - Semana de la Educaci\u00f3n para J\u00f3venes y Adultos","description":"Culturarte: semana de la Educaci\u00f3n para J\u00f3venes y Adultos\n\nComienza hoy en la sede de Culturarte, la \u201cSemana de la Educaci\u00f3n para j\u00f3venes y adultos\u201d. Sergio Sajama, referente del Plan Fines se refiere al trabajo que se realiz\u00f3 este a\u00f1o en las distintas regiones, recordemos que el programa se aboca a la terminalidad del nivel secundario de j\u00f3venes y adultos.","thumbnail_url":"https:\/\/img.hearthis.at\/5\/2\/6\/_\/uploads\/8870969\/image_track\/1630703\/w1200_h628_q70_ptrue_v2_----cropped_1510586625.jpg","thumbnail_width":1200,"thumbnail_height":628,"html":"<iframe scrolling=\"no\" id=\"hearthis_at_track_1630703_light\" style=\"border-radius: 10px;\" width=\"100%\" height=\"150\" src=\"https:\/\/hearthis.at\/embed\/1630703\/transparent\/?style=2&block_size=2&block_space=2&background=1\" frameborder=\"0\" allowtransparency><\/iframe>","author_name":"UNJu Radio 05","author_url":"https:\/\/hearthis.at\/unju-radio-05-bl\/"}

Sergio Sajama - Semana de la Educación para Jóvenes y Adultos

Culturarte: semana de la Educación para Jóvenes y Adultos

Comienza hoy en la sede de Culturarte, la “Semana de la Educación para jóvenes y adultos”. Sergio Sajama, referente del Plan Fines se refiere al trabajo que se realizó este año en las distintas regiones, recordemos que el programa se aboca a la terminalidad del nivel secundario de jóvenes y adultos.
