{"version":"1.0","type":"rich","provider_name":"hearthis.at","provider_url":"https:\/\/hearthis.at","height":"150","width":"100%","title":"Miguel Maman\u00ed - Empleados de comercio adhieren al paro del 25 de septiembre","description":"El Sindicato de Empleados de Comercio adhiere al paro del 25 de septiembre\n\nMiguel Maman\u00ed, Secretario General del Sindicato de Empleados de Comercio de Jujuy, habl\u00f3 en Radio Universidad sobre la adhesi\u00f3n del gremio a las medidas de fuerza dispuesta por la CGT para este 25 de septiembre.\n\nMaman\u00ed asegur\u00f3: \"tenemos mandato para adherir a estas medidas de fuerza, entendemos que la situaci\u00f3n econ\u00f3mica de los compa\u00f1eros es cada vez m\u00e1s precaria y cada vez cuesta m\u00e1s poder satisfaccer las necesidades que cada uno tiene con su familia\".","thumbnail_url":"https:\/\/img.hearthis.at\/0\/5\/3\/_\/uploads\/8870969\/image_user\/w1200_h628_q70_ptrue_v2_----cropped_1572053590350.jpg","thumbnail_width":1200,"thumbnail_height":628,"html":"<iframe scrolling=\"no\" id=\"hearthis_at_track_2405328_light\" style=\"border-radius: 10px;\" width=\"100%\" height=\"150\" src=\"https:\/\/hearthis.at\/embed\/2405328\/transparent\/?style=2&block_size=2&block_space=2&background=1\" frameborder=\"0\" allowtransparency><\/iframe>","author_name":"UNJu Radio 05","author_url":"https:\/\/hearthis.at\/unju-radio-05-bl\/"}

Miguel Mamaní - Empleados de comercio adhieren al paro del 25 de septiembre

El Sindicato de Empleados de Comercio adhiere al paro del 25 de septiembre

Miguel Mamaní, Secretario General del Sindicato de Empleados de Comercio de Jujuy, habló en Radio Universidad sobre la adhesión del gremio a las medidas de fuerza dispuesta por la CGT para este 25 de septiembre.

Mamaní aseguró: "tenemos mandato para adherir a estas medidas de fuerza, entendemos que la situación económica de los compañeros es cada vez más precaria y cada vez cuesta más poder satisfaccer las necesidades que cada uno tiene con su familia".
