{"version":"1.0","type":"rich","provider_name":"hearthis.at","provider_url":"https:\/\/hearthis.at","height":"150","width":"100%","title":"Dar\u00edo Aban - Jornada de debate en Educaci\u00f3n","description":"Fue concretada la jornada de debate en Educaci\u00f3n\n\nDar\u00edo Ab\u00e1n, Secretario General de ADEP, manifest\u00f3 que estuvieron presentes dirigentes nacionales para el debate que realizaron en torno a temas como el plan maestro, las paritarias salariales, entre otros. Ab\u00e1n, indic\u00f3 que pr\u00f3ximamente desarrollar\u00e1n un congreso provincial sindical educativo con el objetivo de enfocar la mirada gremial al pacto educativo.","thumbnail_url":"https:\/\/img.hearthis.at\/5\/1\/4\/_\/uploads\/8870969\/image_track\/1636505\/w1200_h628_q70_ptrue_v2_----cropped_1510936415.jpg","thumbnail_width":1200,"thumbnail_height":628,"html":"<iframe scrolling=\"no\" id=\"hearthis_at_track_1636505_light\" style=\"border-radius: 10px;\" width=\"100%\" height=\"150\" src=\"https:\/\/hearthis.at\/embed\/1636505\/transparent\/?style=2&block_size=2&block_space=2&background=1\" frameborder=\"0\" allowtransparency><\/iframe>","author_name":"UNJu Radio 05","author_url":"https:\/\/hearthis.at\/unju-radio-05-bl\/"}

Darío Aban - Jornada de debate en Educación

Fue concretada la jornada de debate en Educación

Darío Abán, Secretario General de ADEP, manifestó que estuvieron presentes dirigentes nacionales para el debate que realizaron en torno a temas como el plan maestro, las paritarias salariales, entre otros. Abán, indicó que próximamente desarrollarán un congreso provincial sindical educativo con el objetivo de enfocar la mirada gremial al pacto educativo.
