{"version":"1.0","type":"rich","provider_name":"hearthis.at","provider_url":"https:\/\/hearthis.at","height":"150","width":"100%","title":"Recesso de fim de ano","description":"T\u00e1 no Seu Direito: muitas empresas aproveitam os dias mais calmos com a chegada do fim do ano e dispensam os funcion\u00e1rios para curtir o per\u00edodo com alguns dias de folga \u2013 \u00e9 o chamado recesso de fim de ano, mas a\u00ed surgem algumas d\u00favidas. Essas folgas s\u00e3o consideradas f\u00e9rias? Existe um limite de dias? Pode haver desconto no sal\u00e1rio? O funcion\u00e1rio pode se negar a folgar? Quem esclarece essas quest\u00f5es \u00e9 Geraldo Fonseca, advogado trabalhista.","thumbnail_url":"https:\/\/img.hearthis.at\/3\/7\/4\/_\/uploads\/9201543\/image_track\/7529567\/w1200_h628_q70_ptrue_v2_----cropped_1672095851473.jpg","thumbnail_width":1200,"thumbnail_height":628,"html":"<iframe scrolling=\"no\" id=\"hearthis_at_track_7529567_light\" style=\"border-radius: 10px;\" width=\"100%\" height=\"150\" src=\"https:\/\/hearthis.at\/embed\/7529567\/transparent\/?style=2&block_size=2&block_space=2&background=1\" frameborder=\"0\" allowtransparency><\/iframe>","author_name":"R\u00e1dio Jornal","author_url":"https:\/\/hearthis.at\/tecnologia\/"}

Tá no Seu Direito: muitas empresas aproveitam os dias mais calmos com a chegada do fim do ano e dispensam os funcionários para curtir o período com alguns dias de folga – é o chamado recesso de fim de ano, mas aí surgem algumas dúvidas. Essas folgas são consideradas férias? Existe um limite de dias? Pode haver desconto no salário? O funcionário pode se negar a folgar? Quem esclarece essas questões é Geraldo Fonseca, advogado trabalhista.

Rádio Jornal
