{"version":"1.0","type":"rich","provider_name":"hearthis.at","provider_url":"https:\/\/hearthis.at","height":"150","width":"100%","title":"MP denuncia mulher que abortou ap\u00f3s tentativa de suic\u00eddio","description":"T\u00e1 no Seu Direito: uma not\u00edcia chamou aten\u00e7\u00e3o recentemente: o Minist\u00e9rio P\u00fablico denunciou uma mulher por sofrer aborto ap\u00f3s tentativa de suic\u00eddio. No processo que tramita junto ao Tribunal de Justi\u00e7a de S\u00e3o Paulo, ela \u00e9 apresentada como r\u00e9 e o feto como v\u00edtima. Por que a mulher foi apresentada \u00e0 justi\u00e7a como r\u00e9? As condi\u00e7\u00f5es que essa mulher vivia foram levadas em considera\u00e7\u00e3o? (Ela informou que sofria depress\u00e3o). Como deve ser conduzido este caso? O tempo de gesta\u00e7\u00e3o (7 meses) pode pesar? Pode ir a j\u00fari popular? Vamos abordar essas quest\u00f5es com Eloy Moury Fernandes, advogado criminalista.","thumbnail_url":"https:\/\/img.hearthis.at\/9\/3\/7\/_\/uploads\/9201543\/image_track\/7039206\/w1200_h628_q70_ptrue_v2_----cropped_1661890109739.jpg","thumbnail_width":1200,"thumbnail_height":628,"html":"<iframe scrolling=\"no\" id=\"hearthis_at_track_7039206_light\" style=\"border-radius: 10px;\" width=\"100%\" height=\"150\" src=\"https:\/\/hearthis.at\/embed\/7039206\/transparent\/?style=2&block_size=2&block_space=2&background=1\" frameborder=\"0\" allowtransparency><\/iframe>","author_name":"R\u00e1dio Jornal","author_url":"https:\/\/hearthis.at\/tecnologia\/"}

MP denuncia mulher que abortou após tentativa de suicídio

Tá no Seu Direito: uma notícia chamou atenção recentemente: o Ministério Público denunciou uma mulher por sofrer aborto após tentativa de suicídio. No processo que tramita junto ao Tribunal de Justiça de São Paulo, ela é apresentada como ré e o feto como vítima. Por que a mulher foi apresentada à justiça como ré? As condições que essa mulher vivia foram levadas em consideração? (Ela informou que sofria depressão). Como deve ser conduzido este caso? O tempo de gestação (7 meses) pode pesar? Pode ir a júri popular? Vamos abordar essas questões com Eloy Moury Fernandes, advogado criminalista.

Rádio Jornal
