{"version":"1.0","type":"rich","provider_name":"hearthis.at","provider_url":"https:\/\/hearthis.at","height":"150","width":"100%","title":"Especialista avalia que posi\u00e7\u00e3o da comunidade internacional sobre a crise na Ucr\u00e2nia ainda \u00e9 t\u00edmida","description":"Passando a Limpo: Nesta quinta-feira (24), Geraldo Freire e a bancada do programa conversam com o ge\u00f3grafo e mestre em ci\u00eancia pol\u00edtica, Tito L\u00edvio Barcellos. Na pauta, a tens\u00e3o no leste europeu. E direto de Portugal, o correspondente Ant\u00f4nio Martins conversa sobre as consequ\u00eancias da guerra na Ucr\u00e2nia na Europa.","thumbnail_url":"https:\/\/img.hearthis.at\/7\/3\/0\/_\/uploads\/9201543\/image_track\/6584388\/w1200_h628_q70_ptrue_v2_----cropped_1645712620037.jpg","thumbnail_width":1200,"thumbnail_height":628,"html":"<iframe scrolling=\"no\" id=\"hearthis_at_track_6584388_light\" style=\"border-radius: 10px;\" width=\"100%\" height=\"150\" src=\"https:\/\/hearthis.at\/embed\/6584388\/transparent\/?style=2&block_size=2&block_space=2&background=1\" frameborder=\"0\" allowtransparency><\/iframe>","author_name":"R\u00e1dio Jornal","author_url":"https:\/\/hearthis.at\/tecnologia\/"}

Especialista avalia que posição da comunidade internacional sobre a crise na Ucrânia ainda é tímida

Passando a Limpo: Nesta quinta-feira (24), Geraldo Freire e a bancada do programa conversam com o geógrafo e mestre em ciência política, Tito Lívio Barcellos. Na pauta, a tensão no leste europeu. E direto de Portugal, o correspondente Antônio Martins conversa sobre as consequências da guerra na Ucrânia na Europa.

Rádio Jornal
