{"version":"1.0","type":"rich","provider_name":"hearthis.at","provider_url":"https:\/\/hearthis.at","height":"150","width":"100%","title":"O uso de apelidos dentro do ambiente de trabalho","description":"Passando a Limpo: Nesta quarta-feira (19), o comunicador Igor Maciel e a bancada do programa conversam com o economista e analista pol\u00edtico, Maur\u00edcio Rom\u00e3o que fala sobre os novos n\u00fameros do IBGE divulgado recentemente. Esse novo censo mostrou que o n\u00famero de habitantes de algumas cidades diminuiu. E com isso os n\u00fameros de deputados estaduais e federais podem mudar. E o presidente da associa\u00e7\u00e3o da confedera\u00e7\u00e3o pernambucana de futebol, Evandro Carvalho que fala sobre a viol\u00eancia das torcidas de futebol pernambucano. Direto de Portugal, o correspondente Ant\u00f4nio Martins traz as principais not\u00edcias do continente europeu. E a advogada especialista em direito do trabalho, Marcia Santos fala do uso do apelido dentro do trabalho. O uso pode acabar em processo.","thumbnail_url":"https:\/\/img.hearthis.at\/7\/9\/4\/_\/uploads\/9201543\/image_track\/9599718\/w1200_h628_q70_ptrue_v2_----cropped_1689788374497.jpg","thumbnail_width":1200,"thumbnail_height":628,"html":"<iframe scrolling=\"no\" id=\"hearthis_at_track_9599718_light\" style=\"border-radius: 10px;\" width=\"100%\" height=\"150\" src=\"https:\/\/hearthis.at\/embed\/9599718\/transparent\/?style=2&block_size=2&block_space=2&background=1\" frameborder=\"0\" allowtransparency><\/iframe>","author_name":"R\u00e1dio Jornal","author_url":"https:\/\/hearthis.at\/tecnologia\/"}

Passando a Limpo: Nesta quarta-feira (19), o comunicador Igor Maciel e a bancada do programa conversam com o economista e analista político, Maurício Romão que fala sobre os novos números do IBGE divulgado recentemente. Esse novo censo mostrou que o número de habitantes de algumas cidades diminuiu. E com isso os números de deputados estaduais e federais podem mudar. E o presidente da associação da confederação pernambucana de futebol, Evandro Carvalho que fala sobre a violência das torcidas de futebol pernambucano. Direto de Portugal, o correspondente Antônio Martins traz as principais notícias do continente europeu. E a advogada especialista em direito do trabalho, Marcia Santos fala do uso do apelido dentro do trabalho. O uso pode acabar em processo.

Rádio Jornal
