{"version":"1.0","type":"rich","provider_name":"hearthis.at","provider_url":"https:\/\/hearthis.at","height":"150","width":"100%","title":"PDT ter\u00e1 candidatura pr\u00f3pria \u00e0 Prefeitura do Recife","description":"Passando a Limpo: O Presidente Nacional do PDT deu posse, nesta quinta-feira (06), ao deputado T\u00falio Gadelha no comando da dire\u00e7\u00e3o municipal do  partido. A posse evid\u00eancia que a dire\u00e7\u00e3o da sigla est\u00e1 engajada na pr\u00e9-candidatura do parlamentar \u00e0 Prefeitura do Recife. A bancada desta sexta-feira (7) - composta por Jamildo Melo, Laurindo Ferreira e Mirella Martins - debateu o assunto com Carlos Lupi, presidente nacional do PDT.","thumbnail_url":"https:\/\/img.hearthis.at\/0\/8\/7\/_\/uploads\/9201543\/image_track\/4359682\/w1200_h628_q70_ptrue_v2_----cropped_1581082325780.jpg","thumbnail_width":1200,"thumbnail_height":628,"html":"<iframe scrolling=\"no\" id=\"hearthis_at_track_4359682_light\" style=\"border-radius: 10px;\" width=\"100%\" height=\"150\" src=\"https:\/\/hearthis.at\/embed\/4359682\/transparent\/?style=2&block_size=2&block_space=2&background=1\" frameborder=\"0\" allowtransparency><\/iframe>","author_name":"R\u00e1dio Jornal","author_url":"https:\/\/hearthis.at\/tecnologia\/"}

PDT terá candidatura própria à Prefeitura do Recife

Passando a Limpo: O Presidente Nacional do PDT deu posse, nesta quinta-feira (06), ao deputado Túlio Gadelha no comando da direção municipal do  partido. A posse evidência que a direção da sigla está engajada na pré-candidatura do parlamentar à Prefeitura do Recife. A bancada desta sexta-feira (7) - composta por Jamildo Melo, Laurindo Ferreira e Mirella Martins - debateu o assunto com Carlos Lupi, presidente nacional do PDT.

Rádio Jornal
