{"version":"1.0","type":"rich","provider_name":"hearthis.at","provider_url":"https:\/\/hearthis.at","height":"150","width":"100%","title":"Doen\u00e7as respirat\u00f3rias mais comuns no inverno","description":"Consult\u00f3rio do R\u00e1dio Livre: hoje trata sobre as doen\u00e7as respirat\u00f3rias mais comuns nesse per\u00edodo de mudan\u00e7as de esta\u00e7\u00f5es e tamb\u00e9m altera\u00e7\u00f5es clim\u00e1ticas. N\u00f3s ainda estamos no inverno, s\u00f3 a partir do dia 23 de setembro a gente entra na primavera, mas a mudan\u00e7a de temperatura j\u00e1 est\u00e1 causando muitos problemas. Por isso, convidamos o m\u00e9dico alergologista Mateus Rios, ele \u00e9 especialista em medicina interna e imunologia cl\u00ednica e m\u00e9dico do Hospital das Cl\u00ednicas. Quem tamb\u00e9m est\u00e1 conosco \u00e9 a m\u00e9dica cl\u00ednica Mariana Passos Trigueiros, ela \u00e9 preceptora dos alunos de medicina da Uninassau, possui atua\u00e7\u00e3o principalmente na \u00e1rea de medicina intensiva nos hospitais Dom Helder, Maria Vit\u00f3ria e Esperan\u00e7a Recife.","thumbnail_url":"https:\/\/img.hearthis.at\/6\/4\/4\/_\/uploads\/9201543\/image_track\/7039711\/w1200_h628_q70_ptrue_v2_----cropped_1661902250446.jpg","thumbnail_width":1200,"thumbnail_height":628,"html":"<iframe scrolling=\"no\" id=\"hearthis_at_track_7039711_light\" style=\"border-radius: 10px;\" width=\"100%\" height=\"150\" src=\"https:\/\/hearthis.at\/embed\/7039711\/transparent\/?style=2&block_size=2&block_space=2&background=1\" frameborder=\"0\" allowtransparency><\/iframe>","author_name":"R\u00e1dio Jornal","author_url":"https:\/\/hearthis.at\/tecnologia\/"}

Doenças respiratórias mais comuns no inverno

Consultório do Rádio Livre: hoje trata sobre as doenças respiratórias mais comuns nesse período de mudanças de estações e também alterações climáticas. Nós ainda estamos no inverno, só a partir do dia 23 de setembro a gente entra na primavera, mas a mudança de temperatura já está causando muitos problemas. Por isso, convidamos o médico alergologista Mateus Rios, ele é especialista em medicina interna e imunologia clínica e médico do Hospital das Clínicas. Quem também está conosco é a médica clínica Mariana Passos Trigueiros, ela é preceptora dos alunos de medicina da Uninassau, possui atuação principalmente na área de medicina intensiva nos hospitais Dom Helder, Maria Vitória e Esperança Recife.

Rádio Jornal
