{"version":"1.0","type":"rich","provider_name":"hearthis.at","provider_url":"https:\/\/hearthis.at","height":"150","width":"100%","title":"D\u00e9ficit habitacional: dos pr\u00e9dios interditados \u00e0 falta de moradia","description":"Debate da Super Manh\u00e3: A constru\u00e7\u00e3o inadequada dos pr\u00e9dios tipo caix\u00e3o, a interdi\u00e7\u00e3o desses edif\u00edcios e a ocupa\u00e7\u00e3o desses apartamentos por moradores sem-teto s\u00e3o uma triste realidade, e que exp\u00f5e a crise na habita\u00e7\u00e3o em Pernambuco, com repercuss\u00f5es negativas em todo o Brasil. \n\nA Associa\u00e7\u00e3o Brasileira de Incorporadoras Imobili\u00e1rias (Abrainc) mostra que o Estado ter\u00e1 o segundo maior crescimento do d\u00e9ficit do Nordeste at\u00e9 2030, atr\u00e1s apenas da Bahia. O direito \u00e0 moradia est\u00e1 incluso dentre aqueles enumerados no Art. 6\u00ba da Constitui\u00e7\u00e3o da Rep\u00fablica, mas que n\u00e3o vem sendo atendido. \n\nNo debate desta ter\u00e7a-feira (25), a comunicadora Natalia Ribeiro conversa com os convidados sobre as origens desses problemas e as poss\u00edveis solu\u00e7\u00f5es para atender a quem n\u00e3o tem onde morar. \n\nParticipam a secret\u00e1ria de Desenvolvimento Urbano e Habita\u00e7\u00e3o de Pernambuco (Seduh), Simone Nunes, o presidente do Conselho Regional de Engenharia e Agronomia de Pernambuco (CREA-PE), Adriano Lucena, e o professor titular de Estratigrafia da Universidade Federal de Pernambuco (UFPE) e doutor em Geoqu\u00edmica e Geotect\u00f4nica pela Universidade de S\u00e3o Paulo (USP), Mario de Lima Filho.","thumbnail_url":"https:\/\/img.hearthis.at\/8\/5\/6\/_\/uploads\/9201543\/image_track\/9650742\/w1200_h628_q70_ptrue_v2_----cropped_1690297968658.jpg","thumbnail_width":1200,"thumbnail_height":628,"html":"<iframe scrolling=\"no\" id=\"hearthis_at_track_9650742_light\" style=\"border-radius: 10px;\" width=\"100%\" height=\"150\" src=\"https:\/\/hearthis.at\/embed\/9650742\/transparent\/?style=2&block_size=2&block_space=2&background=1\" frameborder=\"0\" allowtransparency><\/iframe>","author_name":"R\u00e1dio Jornal","author_url":"https:\/\/hearthis.at\/tecnologia\/"}

Déficit habitacional: dos prédios interditados à falta de moradia

Debate da Super Manhã: A construção inadequada dos prédios tipo caixão, a interdição desses edifícios e a ocupação desses apartamentos por moradores sem-teto são uma triste realidade, e que expõe a crise na habitação em Pernambuco, com repercussões negativas em todo o Brasil. 

A Associação Brasileira de Incorporadoras Imobiliárias (Abrainc) mostra que o Estado terá o segundo maior crescimento do déficit do Nordeste até 2030, atrás apenas da Bahia. O direito à moradia está incluso dentre aqueles enumerados no Art. 6º da Constituição da República, mas que não vem sendo atendido. 

No debate desta terça-feira (25), a comunicadora Natalia Ribeiro conversa com os convidados sobre as origens desses problemas e as possíveis soluções para atender a quem não tem onde morar. 

Participam a secretária de Desenvolvimento Urbano e Habitação de Pernambuco (Seduh), Simone Nunes, o presidente do Conselho Regional de Engenharia e Agronomia de Pernambuco (CREA-PE), Adriano Lucena, e o professor titular de Estratigrafia da Universidade Federal de Pernambuco (UFPE) e doutor em Geoquímica e Geotectônica pela Universidade de São Paulo (USP), Mario de Lima Filho.

Rádio Jornal
