{"version":"1.0","type":"rich","provider_name":"hearthis.at","provider_url":"https:\/\/hearthis.at","height":"150","width":"100%","title":"O alcance da justi\u00e7a","description":"Debate da Super Manh\u00e3: Aperfei\u00e7oar o atendimento da justi\u00e7a nas cidades, igualar a distribui\u00e7\u00e3o de processos entre magistradas e magistrados, al\u00e9m de defender o dinheiro p\u00fablico. Segundo o Tribunal de Justi\u00e7a de Pernambuco (TJPE), esse \u00e9 o objetivo na agrega\u00e7\u00e3o de comarcas aqui no estado. \n\nNo debate desta segunda-feira (24), a comunicadora Natalia Ribeiro conversa com os convidados sobre a distribui\u00e7\u00e3o das comarcas pernambucanas e como est\u00e1 a recoloca\u00e7\u00e3o das circunscri\u00e7\u00f5es. Quais as consequ\u00eancias desse agrupamento e, principalmente, os impactos dessas mudan\u00e7as junto \u00e0 popula\u00e7\u00e3o. \n\nParticipam o assessor especial da presid\u00eancia do Tribunal de Justi\u00e7a de Pernambuco (TJPE), juiz Gleydson Lima, a vice-presidente da Ordem dos Advogados do Brasil em Pernambuco (OAB-PE), Dra. Ingrid Zanella, e o coordenador-geral do Sindicato dos Servidores do Judici\u00e1rio do Estado de Pernambuco (Sindjud-PE), Alcides Campelo.","thumbnail_url":"https:\/\/img.hearthis.at\/4\/9\/0\/_\/uploads\/9201543\/image_track\/9643468\/w1200_h628_q70_ptrue_v2_----cropped_1690213901094.jpg","thumbnail_width":1200,"thumbnail_height":628,"html":"<iframe scrolling=\"no\" id=\"hearthis_at_track_9643468_light\" style=\"border-radius: 10px;\" width=\"100%\" height=\"150\" src=\"https:\/\/hearthis.at\/embed\/9643468\/transparent\/?style=2&block_size=2&block_space=2&background=1\" frameborder=\"0\" allowtransparency><\/iframe>","author_name":"R\u00e1dio Jornal","author_url":"https:\/\/hearthis.at\/tecnologia\/"}

O alcance da justiça

Debate da Super Manhã: Aperfeiçoar o atendimento da justiça nas cidades, igualar a distribuição de processos entre magistradas e magistrados, além de defender o dinheiro público. Segundo o Tribunal de Justiça de Pernambuco (TJPE), esse é o objetivo na agregação de comarcas aqui no estado. 

No debate desta segunda-feira (24), a comunicadora Natalia Ribeiro conversa com os convidados sobre a distribuição das comarcas pernambucanas e como está a recolocação das circunscrições. Quais as consequências desse agrupamento e, principalmente, os impactos dessas mudanças junto à população. 

Participam o assessor especial da presidência do Tribunal de Justiça de Pernambuco (TJPE), juiz Gleydson Lima, a vice-presidente da Ordem dos Advogados do Brasil em Pernambuco (OAB-PE), Dra. Ingrid Zanella, e o coordenador-geral do Sindicato dos Servidores do Judiciário do Estado de Pernambuco (Sindjud-PE), Alcides Campelo.

Rádio Jornal
