{"version":"1.0","type":"rich","provider_name":"hearthis.at","provider_url":"https:\/\/hearthis.at","height":"150","width":"100%","title":"Os desafios da mobilidade em Pernambuco","description":"Debate da Super Manh\u00e3: No debate desta quinta-feira (22),o comunicador Wagner Gomes conversa com convidados sobre os desafios da mobilidade em Pernambuco, sobretudo na Regi\u00e3o Metropolitana, al\u00e9m dos principais avan\u00e7os alcan\u00e7ados nos \u00faltimos anos. O programa conta com a participa\u00e7\u00e3o do diretor de Opera\u00e7\u00e3o do Grande Recife Cons\u00f3rcio de Transporte Metropolitano, Andr\u00e9 Melibeu; o membro do Conselho Superior de Transporte Metropolitano (CSTM), M\u00e1rcio Moraes; a coordenadora da Associa\u00e7\u00e3o Metropolitana de Ciclistas do Recife ( Ameciclo), Gaia Louren\u00e7o e a jornalista, titular da coluna Mobilidade, Jornal do Commercio, Roberta Soares.","thumbnail_url":"https:\/\/img.hearthis.at\/9\/8\/5\/_\/uploads\/9201543\/image_track\/7478809\/w1200_h628_q70_ptrue_v2_----cropped_1671795951589.jpg","thumbnail_width":1200,"thumbnail_height":628,"html":"<iframe scrolling=\"no\" id=\"hearthis_at_track_7478809_light\" style=\"border-radius: 10px;\" width=\"100%\" height=\"150\" src=\"https:\/\/hearthis.at\/embed\/7478809\/transparent\/?style=2&block_size=2&block_space=2&background=1\" frameborder=\"0\" allowtransparency><\/iframe>","author_name":"R\u00e1dio Jornal","author_url":"https:\/\/hearthis.at\/tecnologia\/"}

Debate da Super Manhã: No debate desta quinta-feira (22),o comunicador Wagner Gomes conversa com convidados sobre os desafios da mobilidade em Pernambuco, sobretudo na Região Metropolitana, além dos principais avanços alcançados nos últimos anos. O programa conta com a participação do diretor de Operação do Grande Recife Consórcio de Transporte Metropolitano, André Melibeu; o membro do Conselho Superior de Transporte Metropolitano (CSTM), Márcio Moraes; a coordenadora da Associação Metropolitana de Ciclistas do Recife ( Ameciclo), Gaia Lourenço e a jornalista, titular da coluna Mobilidade, Jornal do Commercio, Roberta Soares.

Rádio Jornal
