{"version":"1.0","type":"rich","provider_name":"hearthis.at","provider_url":"https:\/\/hearthis.at","height":"150","width":"100%","title":"Ressaca do S\u00e3o Jo\u00e3o do blocalhau e do som do forr\u00f3","description":"Debate da Super Manh\u00e3: Os festejos juninos deste ano passaram, mas o gostinho de 'quero mais' sempre fica no cora\u00e7\u00e3o dos apaixonados pelos ritmos que embalam uma das festas mais curtidas do Nordeste e tamb\u00e9m das outras regi\u00f5es do Brasil. E para saborear um pouco mais, ser\u00e1 celebrada a Ressaca do S\u00e3o Jo\u00e3o do Blocalhau e do Som do Forr\u00f3. \n\nNo debate desta sexta-feira (21), a comunicadora Natalia Ribeiro conversa com alguns dos artistas desta festa que acontece logo mais, a partir das 21h, na Sala de Reboco, no Recife. Participam as cantoras Cristina Amaral e N\u00e1dia Maia, o cantor e compositor Rog\u00e9rio Rangel, o sanfoneiro Ant\u00f4nio Maciel, al\u00e9m do anfitri\u00e3o da festejo, Dr. Ney Ara\u00fajo.","thumbnail_url":"https:\/\/img.hearthis.at\/1\/1\/0\/_\/uploads\/9201543\/image_user\/w1200_h628_q70_ptrue_v2_m1772810121----cropped_1752588385011.jpg?m=1772810121","thumbnail_width":1200,"thumbnail_height":628,"html":"<iframe scrolling=\"no\" id=\"hearthis_at_track_9615966_light\" style=\"border-radius: 10px;\" width=\"100%\" height=\"150\" src=\"https:\/\/hearthis.at\/embed\/9615966\/transparent\/?style=2&block_size=2&block_space=2&background=1\" frameborder=\"0\" allowtransparency><\/iframe>","author_name":"R\u00e1dio Jornal","author_url":"https:\/\/hearthis.at\/tecnologia\/"}

Ressaca do São João do blocalhau e do som do forró

Debate da Super Manhã: Os festejos juninos deste ano passaram, mas o gostinho de 'quero mais' sempre fica no coração dos apaixonados pelos ritmos que embalam uma das festas mais curtidas do Nordeste e também das outras regiões do Brasil. E para saborear um pouco mais, será celebrada a Ressaca do São João do Blocalhau e do Som do Forró. 

No debate desta sexta-feira (21), a comunicadora Natalia Ribeiro conversa com alguns dos artistas desta festa que acontece logo mais, a partir das 21h, na Sala de Reboco, no Recife. Participam as cantoras Cristina Amaral e Nádia Maia, o cantor e compositor Rogério Rangel, o sanfoneiro Antônio Maciel, além do anfitrião da festejo, Dr. Ney Araújo.

Rádio Jornal
