{"version":"1.0","type":"rich","provider_name":"hearthis.at","provider_url":"https:\/\/hearthis.at","height":"150","width":"100%","title":"Implica\u00e7\u00f5es da Reforma Tribut\u00e1ria para o setor produtivo","description":"Debate da Super Manh\u00e3: Na \u00faltima semana, a C\u00e2mara dos Deputados aprovou a nova vers\u00e3o da PEC 45\/19 \u2013 projeto que altera como os impostos sobre o consumo s\u00e3o cobrados no pa\u00eds. Agora o texto segue para o Senado. E para entender os poss\u00edveis efeitos dessa reforma, especialmente no que diz respeito \u00e0 carga tribut\u00e1ria, \u00e0 seguran\u00e7a jur\u00eddica, \u00e0 continuidade dos incentivos fiscais, \u00e0 gera\u00e7\u00e3o de empregos e \u00e0 competitividade da economia, a Ceplan Consultoria Econ\u00f4mica e Planejamento realiza nesta segunda-feira (10) um evento gratuito com especialistas da \u00e1rea para debater sobre o tema. \n\nA comunicadora Natalia Ribeiro conversa no debate de hoje com alguns desses convidados para nos ajudar a entender melhor o que a Reforma Tribut\u00e1ria traz para o ambiente de neg\u00f3cios do Brasil. \n\nParticipam o ex- presidente do Comit\u00ea Nacional dos Secret\u00e1rios de Fazenda dos Estados e do Distrito Federal (Comsefaz), D\u00e9cio Padilha, o presidente do Conselho Federal dos Representantes Comerciais (Confere) e vice-presidente da Fecom\u00e9rcio-PE, Archimedes Cavalcanti Junior, e o consultor jur\u00eddico da Fiepe, Humberto Vieira de Melo.","thumbnail_url":"https:\/\/img.hearthis.at\/1\/1\/0\/_\/uploads\/9201543\/image_user\/w1200_h628_q70_ptrue_v2_m1772810121----cropped_1752588385011.jpg?m=1772810121","thumbnail_width":1200,"thumbnail_height":628,"html":"<iframe scrolling=\"no\" id=\"hearthis_at_track_9516043_light\" style=\"border-radius: 10px;\" width=\"100%\" height=\"150\" src=\"https:\/\/hearthis.at\/embed\/9516043\/transparent\/?style=2&block_size=2&block_space=2&background=1\" frameborder=\"0\" allowtransparency><\/iframe>","author_name":"R\u00e1dio Jornal","author_url":"https:\/\/hearthis.at\/tecnologia\/"}

Implicações da Reforma Tributária para o setor produtivo

Debate da Super Manhã: Na última semana, a Câmara dos Deputados aprovou a nova versão da PEC 45/19 – projeto que altera como os impostos sobre o consumo são cobrados no país. Agora o texto segue para o Senado. E para entender os possíveis efeitos dessa reforma, especialmente no que diz respeito à carga tributária, à segurança jurídica, à continuidade dos incentivos fiscais, à geração de empregos e à competitividade da economia, a Ceplan Consultoria Econômica e Planejamento realiza nesta segunda-feira (10) um evento gratuito com especialistas da área para debater sobre o tema. 

A comunicadora Natalia Ribeiro conversa no debate de hoje com alguns desses convidados para nos ajudar a entender melhor o que a Reforma Tributária traz para o ambiente de negócios do Brasil. 

Participam o ex- presidente do Comitê Nacional dos Secretários de Fazenda dos Estados e do Distrito Federal (Comsefaz), Décio Padilha, o presidente do Conselho Federal dos Representantes Comerciais (Confere) e vice-presidente da Fecomércio-PE, Archimedes Cavalcanti Junior, e o consultor jurídico da Fiepe, Humberto Vieira de Melo.

Rádio Jornal
