{"version":"1.0","type":"rich","provider_name":"hearthis.at","provider_url":"https:\/\/hearthis.at","height":"150","width":"100%","title":"Moradia e desigualdades na habita\u00e7\u00e3o","description":"Debate Super Manh\u00e3: O acesso \u00e0 moradia digna segue sendo um dos principais desafios sociais no Brasil. Em meio ao crescimento urbano acelerado e desordenado, aliado \u00e0 persistente desigualdade de renda, milh\u00f5es de fam\u00edlias ainda vivem sem condi\u00e7\u00f5es adequadas de habita\u00e7\u00e3o.\n\nNo debate desta quarta-feira (8), a comunicadora Natalia Ribeiro conversa com convidados sobre o d\u00e9ficit habitacional em Pernambuco, a ocupa\u00e7\u00e3o de \u00e1reas prec\u00e1rias e inadequadas, os impactos da crise clim\u00e1tica na moradia, al\u00e9m de pol\u00edticas p\u00fablicas e projetos desenvolvidos por governos e institui\u00e7\u00f5es.\n\nParticipam a diretora de pol\u00edticas habitacionais da Secretaria de Desenvolvimento Urbano e Habita\u00e7\u00e3o de Pernambuco (Seduh), \u00c9rika L\u00f3cio, o secret\u00e1rio de Habita\u00e7\u00e3o do Recife(Sehab), Felipe Cury, e a gerente de incid\u00eancia pol\u00edtica da ONG Habitat Brasil, Raquel Ludermir.","thumbnail_url":"https:\/\/img.hearthis.at\/0\/5\/5\/_\/uploads\/9201543\/image_track\/14117608\/w1200_h628_q70_ptrue_v2_m1775662153----cropped_1775662146550.jpg?m=1775662153","thumbnail_width":1200,"thumbnail_height":628,"html":"<iframe scrolling=\"no\" id=\"hearthis_at_track_14117608_light\" style=\"border-radius: 10px;\" width=\"100%\" height=\"150\" src=\"https:\/\/hearthis.at\/embed\/14117608\/transparent\/?style=2&block_size=2&block_space=2&background=1\" frameborder=\"0\" allowtransparency><\/iframe>","author_name":"R\u00e1dio Jornal","author_url":"https:\/\/hearthis.at\/tecnologia\/"}

Moradia e desigualdades na habitação

Debate Super Manhã: O acesso à moradia digna segue sendo um dos principais desafios sociais no Brasil. Em meio ao crescimento urbano acelerado e desordenado, aliado à persistente desigualdade de renda, milhões de famílias ainda vivem sem condições adequadas de habitação.

No debate desta quarta-feira (8), a comunicadora Natalia Ribeiro conversa com convidados sobre o déficit habitacional em Pernambuco, a ocupação de áreas precárias e inadequadas, os impactos da crise climática na moradia, além de políticas públicas e projetos desenvolvidos por governos e instituições.

Participam a diretora de políticas habitacionais da Secretaria de Desenvolvimento Urbano e Habitação de Pernambuco (Seduh), Érika Lócio, o secretário de Habitação do Recife(Sehab), Felipe Cury, e a gerente de incidência política da ONG Habitat Brasil, Raquel Ludermir.

Rádio Jornal
