{"version":"1.0","type":"rich","provider_name":"hearthis.at","provider_url":"https:\/\/hearthis.at","height":"150","width":"100%","title":"Estrat\u00e9gias de cuidados e tratamento do alcoolismo nos munic\u00edpios","description":"Debate da Super Manh\u00e3: O uso nocivo de \u00e1lcool \u00e9 um grave problema de sa\u00fade p\u00fablica e que traz consequ\u00eancias negativas para o indiv\u00edduo, para a fam\u00edlia e a sociedade. A mortalidade e as limita\u00e7\u00f5es funcionais causadas pelo abuso da subst\u00e2ncia acarretam altos custos ao sistema de sa\u00fade. Sob Decreto-Lei n\u00ba6.117, de 22 de maio de 2007, a Pol\u00edtica Nacional disp\u00f5e sobre as medidas para redu\u00e7\u00e3o do uso indevido de \u00e1lcool e sua associa\u00e7\u00e3o com a viol\u00eancia e a criminalidade.\n\nNo debate desta quarta-feira (2), a comunicadora Natalia Ribeiro conversa com os nossos convidados para saber as consequ\u00eancias do uso prejudicial de bebidas alco\u00f3licas e o que fazer para ir em busca de uma vida nova, livre do \u00e1lcool. Participam a assistente social e doutora em Sociologia das Drogas, professora do Departamento de Servi\u00e7o Social da Universidade Federal de Pernambuco (UFPE), Roberta Uch\u00f4a, o gestor de Sa\u00fade Mental da Prefeitura do Recife, Luiz Carlos Almeida, e o 'Jos\u00e9', nome fict\u00edcio, membro dos Alco\u00f3licos An\u00f4nimos de Pernambuco.","thumbnail_url":"https:\/\/img.hearthis.at\/4\/4\/8\/_\/uploads\/9201543\/image_track\/9716723\/w1200_h628_q70_ptrue_v2_----cropped_1691067128844.jpg","thumbnail_width":1200,"thumbnail_height":628,"html":"<iframe scrolling=\"no\" id=\"hearthis_at_track_9716723_light\" style=\"border-radius: 10px;\" width=\"100%\" height=\"150\" src=\"https:\/\/hearthis.at\/embed\/9716723\/transparent\/?style=2&block_size=2&block_space=2&background=1\" frameborder=\"0\" allowtransparency><\/iframe>","author_name":"R\u00e1dio Jornal","author_url":"https:\/\/hearthis.at\/tecnologia\/"}

Estratégias de cuidados e tratamento do alcoolismo nos municípios

Debate da Super Manhã: O uso nocivo de álcool é um grave problema de saúde pública e que traz consequências negativas para o indivíduo, para a família e a sociedade. A mortalidade e as limitações funcionais causadas pelo abuso da substância acarretam altos custos ao sistema de saúde. Sob Decreto-Lei nº6.117, de 22 de maio de 2007, a Política Nacional dispõe sobre as medidas para redução do uso indevido de álcool e sua associação com a violência e a criminalidade.

No debate desta quarta-feira (2), a comunicadora Natalia Ribeiro conversa com os nossos convidados para saber as consequências do uso prejudicial de bebidas alcoólicas e o que fazer para ir em busca de uma vida nova, livre do álcool. Participam a assistente social e doutora em Sociologia das Drogas, professora do Departamento de Serviço Social da Universidade Federal de Pernambuco (UFPE), Roberta Uchôa, o gestor de Saúde Mental da Prefeitura do Recife, Luiz Carlos Almeida, e o 'José', nome fictício, membro dos Alcoólicos Anônimos de Pernambuco.

Rádio Jornal
