{"version":"1.0","type":"rich","provider_name":"hearthis.at","provider_url":"https:\/\/hearthis.at","height":"150","width":"100%","title":"Sabatina com Tereza Leit\u00e3o (PT)","description":"Debate da Super Manh\u00e3: Nesta segunda (22), tem in\u00edcio a s\u00e9rie de sabatinas da R\u00e1dio Jornal com os candidatos pernambucanos dos partidos com representa\u00e7\u00e3o m\u00ednima no Congresso Nacional e que disputam uma vaga ao Senado. A deputada estadual Teresa Leit\u00e3o (PT) \u00e9 sabatinada pelo titular da coluna \u201cCena Pol\u00edtica\u201d do Jornal do Commercio Igor Maciel, o correspondente da R\u00e1dio Jornal em Bras\u00edlia Romoaldo de Souza, e o comunicador Wagner Gomes.","thumbnail_url":"https:\/\/img.hearthis.at\/1\/1\/3\/_\/uploads\/9201543\/image_track\/7018049\/w1200_h628_q70_ptrue_v2_----cropped_1661183552311.jpg","thumbnail_width":1200,"thumbnail_height":628,"html":"<iframe scrolling=\"no\" id=\"hearthis_at_track_7018049_light\" style=\"border-radius: 10px;\" width=\"100%\" height=\"150\" src=\"https:\/\/hearthis.at\/embed\/7018049\/transparent\/?style=2&block_size=2&block_space=2&background=1\" frameborder=\"0\" allowtransparency><\/iframe>","author_name":"R\u00e1dio Jornal","author_url":"https:\/\/hearthis.at\/tecnologia\/"}

Sabatina com Tereza Leitão (PT)

Debate da Super Manhã: Nesta segunda (22), tem início a série de sabatinas da Rádio Jornal com os candidatos pernambucanos dos partidos com representação mínima no Congresso Nacional e que disputam uma vaga ao Senado. A deputada estadual Teresa Leitão (PT) é sabatinada pelo titular da coluna “Cena Política” do Jornal do Commercio Igor Maciel, o correspondente da Rádio Jornal em Brasília Romoaldo de Souza, e o comunicador Wagner Gomes.

Rádio Jornal
