{"version":"1.0","type":"rich","provider_name":"hearthis.at","provider_url":"https:\/\/hearthis.at","height":"150","width":"100%","title":"Autoestima","description":"Consult\u00f3rio do R\u00e1dio Livre: hoje vamos falar sobre autoestima, ela \u00e9 aquela avalia\u00e7\u00e3o que a gente faz de n\u00f3s mesmos, seja positiva ou negativa, mas voc\u00ea est\u00e1 sua autoestima baixa ou alta? Voc\u00eas sabem lidar bem com autoestima pr\u00f3pria e tamb\u00e9m dos outros? Para conversar mais sobre autoestima convidamos o psic\u00f3logo, Gabriel Medeiros, ele \u00e9 mestre em sa\u00fade mental e terapeuta certificado pela Federa\u00e7\u00e3o Brasileira de Terapias Cognitivas. Nossa outra convidada \u00e9 Tatiany Melo, ela \u00e9 psic\u00f3loga cl\u00ednica, especialista em sa\u00fade mental e professora da Unifg e da Unit.","thumbnail_url":"https:\/\/img.hearthis.at\/1\/2\/0\/_\/uploads\/9201543\/image_track\/6867506\/w1200_h628_q70_ptrue_v2_----cropped_1656721367021.jpg","thumbnail_width":1200,"thumbnail_height":628,"html":"<iframe scrolling=\"no\" id=\"hearthis_at_track_6867506_light\" style=\"border-radius: 10px;\" width=\"100%\" height=\"150\" src=\"https:\/\/hearthis.at\/embed\/6867506\/transparent\/?style=2&block_size=2&block_space=2&background=1\" frameborder=\"0\" allowtransparency><\/iframe>","author_name":"R\u00e1dio Jornal","author_url":"https:\/\/hearthis.at\/tecnologia\/"}

Consultório do Rádio Livre: hoje vamos falar sobre autoestima, ela é aquela avaliação que a gente faz de nós mesmos, seja positiva ou negativa, mas você está sua autoestima baixa ou alta? Vocês sabem lidar bem com autoestima própria e também dos outros? Para conversar mais sobre autoestima convidamos o psicólogo, Gabriel Medeiros, ele é mestre em saúde mental e terapeuta certificado pela Federação Brasileira de Terapias Cognitivas. Nossa outra convidada é Tatiany Melo, ela é psicóloga clínica, especialista em saúde mental e professora da Unifg e da Unit.

Rádio Jornal
