{"version":"1.0","type":"rich","provider_name":"hearthis.at","provider_url":"https:\/\/hearthis.at","height":"150","width":"100%","title":"A fala do presidente do CRB","description":"Coment\u00e1rio de Ralph de Carvalho: O comentarista do Escrete de Ouro fala sobre a declara\u00e7\u00e3o feita pelo presidente do CRB para a disputa contra o Sport.","thumbnail_url":"https:\/\/img.hearthis.at\/9\/4\/6\/_\/uploads\/9201543\/image_track\/9676793\/w1200_h628_q70_ptrue_v2_----cropped_1690579132649.jpg","thumbnail_width":1200,"thumbnail_height":628,"html":"<iframe scrolling=\"no\" id=\"hearthis_at_track_9676793_light\" style=\"border-radius: 10px;\" width=\"100%\" height=\"150\" src=\"https:\/\/hearthis.at\/embed\/9676793\/transparent\/?style=2&block_size=2&block_space=2&background=1\" frameborder=\"0\" allowtransparency><\/iframe>","author_name":"R\u00e1dio Jornal","author_url":"https:\/\/hearthis.at\/tecnologia\/"}

Comentário de Ralph de Carvalho: O comentarista do Escrete de Ouro fala sobre a declaração feita pelo presidente do CRB para a disputa contra o Sport.

Rádio Jornal
