{"version":"1.0","type":"rich","provider_name":"hearthis.at","provider_url":"https:\/\/hearthis.at","height":"150","width":"100%","title":"Os candidatos eleitos que j\u00e1 foram ligados ao esporte","description":"Coment\u00e1rio de Ralph de Carvalho: O comentarista do Escrete de Ouro fala sobre os mais de 30 candidatos \u00e0s elei\u00e7\u00f5es gerais, realizadas no domingo (02), que s\u00e3o, ou eram, ligados ao esporte.","thumbnail_url":"https:\/\/img.hearthis.at\/8\/8\/1\/_\/uploads\/9201543\/image_track\/7112042\/w1200_h628_q70_ptrue_v2_----cropped_1664827243188.jpg","thumbnail_width":1200,"thumbnail_height":628,"html":"<iframe scrolling=\"no\" id=\"hearthis_at_track_7112042_light\" style=\"border-radius: 10px;\" width=\"100%\" height=\"150\" src=\"https:\/\/hearthis.at\/embed\/7112042\/transparent\/?style=2&block_size=2&block_space=2&background=1\" frameborder=\"0\" allowtransparency><\/iframe>","author_name":"R\u00e1dio Jornal","author_url":"https:\/\/hearthis.at\/tecnologia\/"}

Os candidatos eleitos que já foram ligados ao esporte

Comentário de Ralph de Carvalho: O comentarista do Escrete de Ouro fala sobre os mais de 30 candidatos às eleições gerais, realizadas no domingo (02), que são, ou eram, ligados ao esporte.

Rádio Jornal
