{"version":"1.0","type":"rich","provider_name":"hearthis.at","provider_url":"https:\/\/hearthis.at","height":"150","width":"100%","title":"A GENTE EXPLICA: O DIA DO PRIMO","description":"Geralmente todo mundo tem um primo para chamar de seu.  Quando a fam\u00edlia \u00e9 grande ent\u00e3o, h\u00e1 quem tenha primos e primas de segundo, terceiro e quarto grau, certo?  Errado!! E hoje, no dia dos primos, a gente pergunta: Voc\u00ea sabe por qu\u00ea essas terminologias s\u00f3 existem de forma popular e n\u00e3o jur\u00eddica? A Gente Explica.","thumbnail_url":"https:\/\/img.hearthis.at\/7\/3\/9\/_\/uploads\/9201543\/image_track\/7119430\/w1200_h628_q70_ptrue_v2_----cropped_1665085109937.jpg","thumbnail_width":1200,"thumbnail_height":628,"html":"<iframe scrolling=\"no\" id=\"hearthis_at_track_7119430_light\" style=\"border-radius: 10px;\" width=\"100%\" height=\"150\" src=\"https:\/\/hearthis.at\/embed\/7119430\/transparent\/?style=2&block_size=2&block_space=2&background=1\" frameborder=\"0\" allowtransparency><\/iframe>","author_name":"R\u00e1dio Jornal","author_url":"https:\/\/hearthis.at\/tecnologia\/"}

Geralmente todo mundo tem um primo para chamar de seu.  Quando a família é grande então, há quem tenha primos e primas de segundo, terceiro e quarto grau, certo?  Errado!! E hoje, no dia dos primos, a gente pergunta: Você sabe por quê essas terminologias só existem de forma popular e não jurídica? A Gente Explica.

Rádio Jornal
