{"version":"1.0","type":"rich","provider_name":"hearthis.at","provider_url":"https:\/\/hearthis.at","height":"150","width":"100%","title":"S Harabinom o pr\u00e1ve 71 - 2018-12-04","description":"sudca kol\u00e9gia Najvy\u0161\u0161ieho s\u00fadu SR \u0160tefan Harabin reaguje na aktu\u00e1lne t\u00e9my\u2026moderuje Peter Zajac Vanka\u2026","thumbnail_url":"https:\/\/img.hearthis.at\/5\/6\/2\/_\/uploads\/8859328\/image_track\/2615463\/w1200_h628_q70_ptrue_v2_----cropped_1543959581265.jpg","thumbnail_width":1200,"thumbnail_height":628,"html":"<iframe scrolling=\"no\" id=\"hearthis_at_track_2615463_light\" style=\"border-radius: 10px;\" width=\"100%\" height=\"150\" src=\"https:\/\/hearthis.at\/embed\/2615463\/transparent\/?style=2&block_size=2&block_space=2&background=1\" frameborder=\"0\" allowtransparency><\/iframe>","author_name":"Slobodn\u00fd Vysiela\u010d","author_url":"https:\/\/hearthis.at\/slobodnyvysielac\/"}

S Harabinom o práve 71 - 2018-12-04

sudca kolégia Najvyššieho súdu SR Štefan Harabin reaguje na aktuálne témy…moderuje Peter Zajac Vanka…

Slobodný Vysielač
