{"version":"1.0","type":"rich","provider_name":"hearthis.at","provider_url":"https:\/\/hearthis.at","height":"150","width":"100%","title":"Pekn\u00fd de\u0148 s JUDr. Adrianou Krajn\u00edkovou 184 - 2026-04-17 \u201eDeti ako obe\u0165 \u0161t\u00e1tnych \u00faradn\u00edkov\u201c \u2013 3. \u010das\u0165","description":"JUDr. Adriana Krajn\u00edkov\u00e1 rad\u00ed, pom\u00e1ha a informuje\u2026\n\u201eDeti ako obe\u0165 \u0161t\u00e1tnych \u00faradn\u00edkov\u201c \u2013 3. \u010das\u0165, rozhovor s Mgr. Radkou \u0160turmovou Salejovou","thumbnail_url":"https:\/\/img.hearthis.at\/0\/7\/6\/_\/uploads\/8859328\/image_track\/14182543\/w1200_h628_q70_ptrue_v2_m1776444777----cropped_1776444774670.jpg?m=1776444777","thumbnail_width":1200,"thumbnail_height":628,"html":"<iframe scrolling=\"no\" id=\"hearthis_at_track_14182543_light\" style=\"border-radius: 10px;\" width=\"100%\" height=\"150\" src=\"https:\/\/hearthis.at\/embed\/14182543\/transparent\/?style=2&block_size=2&block_space=2&background=1\" frameborder=\"0\" allowtransparency><\/iframe>","author_name":"Slobodn\u00fd Vysiela\u010d","author_url":"https:\/\/hearthis.at\/slobodnyvysielac\/"}

Pekný deň s JUDr. Adrianou Krajníkovou 184 - 2026-04-17 „Deti ako obeť štátnych úradníkov“ – 3. časť

JUDr. Adriana Krajníková radí, pomáha a informuje…
„Deti ako obeť štátnych úradníkov“ – 3. časť, rozhovor s Mgr. Radkou Šturmovou Salejovou

Slobodný Vysielač
