{"version":"1.0","type":"rich","provider_name":"hearthis.at","provider_url":"https:\/\/hearthis.at","height":"150","width":"100%","title":"Pekn\u00fd de\u0148 s JUDr. Adrianou Krajn\u00edkovou 156 - 2025-02-07 Chaos okolo Covid amnestie","description":"JUDr. Adriana Krajn\u00edkov\u00e1 rad\u00ed, pom\u00e1ha a informuje\u2026Chaos okolo Covid amnestie\u2026exek\u00fatori ju odmietaj\u00fa, \u00farady sa nezhoduj\u00fa !!!\nhos\u0165 : Roman \u2013 prev\u00e1dzk\u00e1r","thumbnail_url":"https:\/\/img.hearthis.at\/0\/9\/8\/_\/uploads\/8859328\/image_track\/11745206\/w1200_h628_q70_ptrue_v2_m1738946361----cropped_1738946358890.jpg?m=1738946361","thumbnail_width":1200,"thumbnail_height":628,"html":"<iframe scrolling=\"no\" id=\"hearthis_at_track_11745206_light\" style=\"border-radius: 10px;\" width=\"100%\" height=\"150\" src=\"https:\/\/hearthis.at\/embed\/11745206\/transparent\/?style=2&block_size=2&block_space=2&background=1\" frameborder=\"0\" allowtransparency><\/iframe>","author_name":"Slobodn\u00fd Vysiela\u010d","author_url":"https:\/\/hearthis.at\/slobodnyvysielac\/"}

Pekný deň s JUDr. Adrianou Krajníkovou 156 - 2025-02-07 Chaos okolo Covid amnestie

JUDr. Adriana Krajníková radí, pomáha a informuje…Chaos okolo Covid amnestie…exekútori ju odmietajú, úrady sa nezhodujú !!!
hosť : Roman – prevádzkár

Slobodný Vysielač
