{"version":"1.0","type":"rich","provider_name":"hearthis.at","provider_url":"https:\/\/hearthis.at","height":"150","width":"100%","title":"Na prahu zmien 196 - 2022-10-31 Zden\u011bk \u017d\u00e1k","description":"Zden\u011bk \u017d\u00e1k \u2013  b\u00fdval\u00fd n\u00e1m\u011bstek ministra dopravy, ministr dopravy a gener\u00e1ln\u00ed inspektor \u010cesk\u00fdch drah.\nZden\u011bk \u017d\u00e1k si bude v rozhovoru s b\u00fdval\u00fdm policejn\u00edm prezidentem a p\u0159edsedou Asociace nez\u00e1visl\u00fdch m\u00e9di\u00ed Stanislavem Novotn\u00fdm pov\u00eddat o stavu \u010desk\u00e9 dopravy, tedy zejm\u00e9na dopravn\u00ed infrastruktury a jednotliv\u00fdch odv\u011btv\u00ed, a to na pozad\u00ed aktu\u00e1ln\u00ed a bezprecedentn\u00ed energetick\u00e9 krize.","thumbnail_url":"https:\/\/img.hearthis.at\/8\/2\/9\/_\/uploads\/8859328\/image_track\/7183089\/w1200_h628_q70_ptrue_v2_----cropped_1667291181928.jpg","thumbnail_width":1200,"thumbnail_height":628,"html":"<iframe scrolling=\"no\" id=\"hearthis_at_track_7183089_light\" style=\"border-radius: 10px;\" width=\"100%\" height=\"150\" src=\"https:\/\/hearthis.at\/embed\/7183089\/transparent\/?style=2&block_size=2&block_space=2&background=1\" frameborder=\"0\" allowtransparency><\/iframe>","author_name":"Slobodn\u00fd Vysiela\u010d","author_url":"https:\/\/hearthis.at\/slobodnyvysielac\/"}

Na prahu zmien 196 - 2022-10-31 Zdeněk Žák

Zdeněk Žák –  bývalý náměstek ministra dopravy, ministr dopravy a generální inspektor Českých drah.
Zdeněk Žák si bude v rozhovoru s bývalým policejním prezidentem a předsedou Asociace nezávislých médií Stanislavem Novotným povídat o stavu české dopravy, tedy zejména dopravní infrastruktury a jednotlivých odvětví, a to na pozadí aktuální a bezprecedentní energetické krize.

Slobodný Vysielač
