{"version":"1.0","type":"rich","provider_name":"hearthis.at","provider_url":"https:\/\/hearthis.at","height":"150","width":"100%","title":"Na prahu zmien 169 - 2022-03-28 Ivan Novesk\u00fd","description":"Ivan Novesk\u00fd \u2013  b\u00fdval\u00fd 1. m\u00edstop\u0159edseda Energetick\u00e9ho regula\u010dn\u00edho \u00fa\u0159adu, dnes p\u0159edseda Institutu pro energetiku.\nIvan Novesk\u00fd si bude v rozhovoru s b\u00fdval\u00fdm policejn\u00edm prezidentem a p\u0159edsedou Asociace nez\u00e1visl\u00fdch m\u00e9di\u00ed Stanislavem Novotn\u00fdm pov\u00eddat o sou\u010dasn\u00e9 bezprecedentn\u00ed energetick\u00e9 krizi, o neochot\u011b politik\u016f krizi \u0159e\u0161it i o fat\u00e1ln\u00ed energetick\u00e9 chudob\u011b a jej\u00edch dopadech na \u010deskou spole\u010dnost i euroamerickou civilizaci.","thumbnail_url":"https:\/\/img.hearthis.at\/4\/2\/0\/_\/uploads\/8859328\/image_track\/6647092\/w1200_h628_q70_ptrue_v2_----cropped_1648504035024.jpg","thumbnail_width":1200,"thumbnail_height":628,"html":"<iframe scrolling=\"no\" id=\"hearthis_at_track_6647092_light\" style=\"border-radius: 10px;\" width=\"100%\" height=\"150\" src=\"https:\/\/hearthis.at\/embed\/6647092\/transparent\/?style=2&block_size=2&block_space=2&background=1\" frameborder=\"0\" allowtransparency><\/iframe>","author_name":"Slobodn\u00fd Vysiela\u010d","author_url":"https:\/\/hearthis.at\/slobodnyvysielac\/"}

Na prahu zmien 169 - 2022-03-28 Ivan Noveský

Ivan Noveský –  bývalý 1. místopředseda Energetického regulačního úřadu, dnes předseda Institutu pro energetiku.
Ivan Noveský si bude v rozhovoru s bývalým policejním prezidentem a předsedou Asociace nezávislých médií Stanislavem Novotným povídat o současné bezprecedentní energetické krizi, o neochotě politiků krizi řešit i o fatální energetické chudobě a jejích dopadech na českou společnost i euroamerickou civilizaci.

Slobodný Vysielač
