{"version":"1.0","type":"rich","provider_name":"hearthis.at","provider_url":"https:\/\/hearthis.at","height":"150","width":"100%","title":"Sustentabilidades edi\u00e7\u00e3o de Abril 2019","description":"Foi para o \"ar\" na passada 2\u00aa Feira, dia 29 de Abril, entre as 17h e as 18h mais uma Edi\u00e7\u00e3o do \"Sustentabilidades\". Este m\u00eas o tema abordado foi \"As Refei\u00e7\u00f5es Vegetarianas nas Escolas\". Em est\u00fadio contamos com duas convidadas. \nO Sustentabilidades \u00e9 uma produ\u00e7\u00e3o da R\u00e1dio Gil\u00e3o em colabora\u00e7\u00e3o com o Movimento Tavira em Transi\u00e7\u00e3o. ","thumbnail_url":"https:\/\/img.hearthis.at\/5\/2\/3\/_\/uploads\/8886557\/image_track\/3055134\/w1200_h628_q70_ptrue_v2_----cropped_1556653301325.jpg","thumbnail_width":1200,"thumbnail_height":628,"html":"<iframe scrolling=\"no\" id=\"hearthis_at_track_3055134_light\" style=\"border-radius: 10px;\" width=\"100%\" height=\"150\" src=\"https:\/\/hearthis.at\/embed\/3055134\/transparent\/?style=2&block_size=2&block_space=2&background=1\" frameborder=\"0\" allowtransparency><\/iframe>","author_name":"R\u00e1dio Gil\u00e3o - Tavira","author_url":"https:\/\/hearthis.at\/rdio-gilo-4a\/"}

Sustentabilidades edição de Abril 2019

Foi para o "ar" na passada 2ª Feira, dia 29 de Abril, entre as 17h e as 18h mais uma Edição do "Sustentabilidades". Este mês o tema abordado foi "As Refeições Vegetarianas nas Escolas". Em estúdio contamos com duas convidadas. 
O Sustentabilidades é uma produção da Rádio Gilão em colaboração com o Movimento Tavira em Transição.

Rádio Gilão - Tavira
