{"version":"1.0","type":"rich","provider_name":"hearthis.at","provider_url":"https:\/\/hearthis.at","height":"150","width":"100%","title":"Nyit\u00e1ny - 2017.11.14. B\u00edr\u00f3 Eszter","description":"A reggeli Nyit\u00e1nyban B\u00edr\u00f3 Eszter sz\u00edn\u00e9sz, \u00e9nekesn\u0151vel besz\u00e9lgett\u00fcnk a K\u00e9rem, \u00e9n m\u00e9g nem j\u00e1tszottam - Sz\u00e9p Ern\u0151 v\u00e1logatott szerelmei c\u00edm\u0171 pr\u00f3z\u00e1r\u00f3l.","thumbnail_url":"https:\/\/img.hearthis.at\/6\/7\/7\/_\/uploads\/8943971\/image_track\/1643013\/w1200_h628_q70_ptrue_v2_----cropped_1511342776.jpg","thumbnail_width":1200,"thumbnail_height":628,"html":"<iframe scrolling=\"no\" id=\"hearthis_at_track_1643013_light\" style=\"border-radius: 10px;\" width=\"100%\" height=\"150\" src=\"https:\/\/hearthis.at\/embed\/1643013\/transparent\/?style=2&block_size=2&block_space=2&background=1\" frameborder=\"0\" allowtransparency><\/iframe>","author_name":"KlasszikRadio92.1","author_url":"https:\/\/hearthis.at\/klasszikradio92.1\/"}

Nyitány - 2017.11.14. Bíró Eszter

A reggeli Nyitányban Bíró Eszter színész, énekesnővel beszélgettünk a Kérem, én még nem játszottam - Szép Ernő válogatott szerelmei című prózáról.
