{"version":"1.0","type":"rich","provider_name":"hearthis.at","provider_url":"https:\/\/hearthis.at","height":"150","width":"100%","title":"Nyit\u00e1ny - 2017.10.02. Ugrai Istv\u00e1n","description":"A reggeli Nyit\u00e1nyban Ugrai Istv\u00e1nnal besz\u00e9lgett\u00fcnk a Rainer Werner Fassbinder: A f\u00e9lelem megeszi a lelket c\u00edm\u0171 \u00faj darabr\u00f3l.","thumbnail_url":"https:\/\/img.hearthis.at\/3\/2\/4\/_\/uploads\/8943971\/image_track\/1641811\/w1200_h628_q70_ptrue_v2_----cropped_1511263423.jpg","thumbnail_width":1200,"thumbnail_height":628,"html":"<iframe scrolling=\"no\" id=\"hearthis_at_track_1641811_light\" style=\"border-radius: 10px;\" width=\"100%\" height=\"150\" src=\"https:\/\/hearthis.at\/embed\/1641811\/transparent\/?style=2&block_size=2&block_space=2&background=1\" frameborder=\"0\" allowtransparency><\/iframe>","author_name":"KlasszikRadio92.1","author_url":"https:\/\/hearthis.at\/klasszikradio92.1\/"}

Nyitány - 2017.10.02. Ugrai István

A reggeli Nyitányban Ugrai Istvánnal beszélgettünk a Rainer Werner Fassbinder: A félelem megeszi a lelket című új darabról.
