{"version":"1.0","type":"rich","provider_name":"hearthis.at","provider_url":"https:\/\/hearthis.at","height":"150","width":"100%","title":"Nyit\u00e1ny - 2017.09.18. Fodor Annam\u00e1ria","description":"Fodor Annam\u00e1ria mes\u00e9lt nek\u00fcnk a Kortalan Kort\u00e1rs c\u00edm\u0171 sorozat kialakul\u00e1s\u00e1r\u00f3l.","thumbnail_url":"https:\/\/img.hearthis.at\/2\/9\/4\/_\/uploads\/8943971\/image_track\/1641825\/w1200_h628_q70_ptrue_v2_----cropped_1511263492.jpg","thumbnail_width":1200,"thumbnail_height":628,"html":"<iframe scrolling=\"no\" id=\"hearthis_at_track_1641825_light\" style=\"border-radius: 10px;\" width=\"100%\" height=\"150\" src=\"https:\/\/hearthis.at\/embed\/1641825\/transparent\/?style=2&block_size=2&block_space=2&background=1\" frameborder=\"0\" allowtransparency><\/iframe>","author_name":"KlasszikRadio92.1","author_url":"https:\/\/hearthis.at\/klasszikradio92.1\/"}

Nyitány - 2017.09.18. Fodor Annamária

Fodor Annamária mesélt nekünk a Kortalan Kortárs című sorozat kialakulásáról.
