{"version":"1.0","type":"rich","provider_name":"hearthis.at","provider_url":"https:\/\/hearthis.at","height":"150","width":"100%","title":"Nyit\u00e1ny - 2018.03.23. Jos\u00e9 Cura","description":"Jos\u00e9 Cura opera\u00e9nekessel, karmesterrel besz\u00e9lgett\u00fcnk a m\u00e1rciusi koncertj\u00e9r\u0151l.","thumbnail_url":"https:\/\/img.hearthis.at\/0\/7\/7\/_\/uploads\/8943971\/image_track\/1825958\/w1200_h628_q70_ptrue_v2_----cropped_1522138772770.jpg","thumbnail_width":1200,"thumbnail_height":628,"html":"<iframe scrolling=\"no\" id=\"hearthis_at_track_1825958_light\" style=\"border-radius: 10px;\" width=\"100%\" height=\"150\" src=\"https:\/\/hearthis.at\/embed\/1825958\/transparent\/?style=2&block_size=2&block_space=2&background=1\" frameborder=\"0\" allowtransparency><\/iframe>","author_name":"KlasszikRadio92.1","author_url":"https:\/\/hearthis.at\/klasszikradio92.1\/"}

Nyitány - 2018.03.23. José Cura

José Cura operaénekessel, karmesterrel beszélgettünk a márciusi koncertjéről.
